{"id":8,"date":"2017-07-11T19:02:21","date_gmt":"2017-07-11T17:02:21","guid":{"rendered":"https:\/\/blog.cb-weinhandel.de\/?page_id=8"},"modified":"2021-02-24T18:35:34","modified_gmt":"2021-02-24T17:35:34","slug":"erfahren-sie-mehr-ueber-christian-balog","status":"publish","type":"page","link":"https:\/\/www.cb-weinhandel.de\/blog\/erfahren-sie-mehr-ueber-christian-balog\/","title":{"rendered":"Mehr \u00fcber Christian Balog"},"content":{"rendered":"<p>[et_pb_section fb_built=&#8220;1&#8243; _builder_version=&#8220;3.22&#8243;][et_pb_row _builder_version=&#8220;3.25&#8243; background_size=&#8220;initial&#8220; background_position=&#8220;top_left&#8220; background_repeat=&#8220;repeat&#8220;][et_pb_column type=&#8220;4_4&#8243; _builder_version=&#8220;3.25&#8243; custom_padding=&#8220;|||&#8220; custom_padding__hover=&#8220;|||&#8220;][et_pb_text _builder_version=&#8220;3.27.4&#8243;]<div id=\"attachment_64\" style=\"width: 610px\" class=\"wp-caption alignleft\"><img loading=\"lazy\" decoding=\"async\" aria-describedby=\"caption-attachment-64\" class=\"size-full wp-image-64\" src=\"https:\/\/www.cb-weinhandel.de\/blog\/wp-content\/uploads\/2017\/07\/C-Balog-t-7237.jpg\" alt=\"Christian Balog\" width=\"600\" height=\"400\" srcset=\"https:\/\/www.cb-weinhandel.de\/blog\/wp-content\/uploads\/2017\/07\/C-Balog-t-7237.jpg 600w, https:\/\/www.cb-weinhandel.de\/blog\/wp-content\/uploads\/2017\/07\/C-Balog-t-7237-300x200.jpg 300w\" sizes=\"auto, (max-width: 600px) 100vw, 600px\" \/><p id=\"caption-attachment-64\" class=\"wp-caption-text\">Christian Balog im CB Weinhandel in Essen<\/p><\/div><\/p>\n<h1>\u00dcber mich<\/h1>\n<p>Liebe Weinfreunde,<\/p>\n<p>gerne stelle ich mich Ihnen kurz vor:<\/p>\n<p>Ich bin Christian Balog, ein geborener Essener, der die Passion zum Wein \u00fcber den klassischen Lebensmitteleinzelhandel gefunden hat. Nach meiner Ausbildung zum Kaufmann im Einzelhandel, besuchte ich viele Seminare, Lehrg\u00e4nge, Fachmessen, Winzer und Weinbaugebiete. Das Thema Wein war nach meiner Lehrzeit dann der Mittelpunkt meines beruflichen Lebens. Bis ich dann den Beruf zur Berufung machte, um schliesslich im Oktober 2007 den Schritt in die Selbst\u00e4ndigkeit zu wagen.<\/p>\n<p>Mein erstes Ladenlokal auf der Frankenstrasse in Essen war etwa 100 Quadratmeter gross, inklusive der Lagerr\u00e4ume im Keller. Die ersten Jahre waren direkt erfolgreich und schnell wurden die R\u00e4umlichkeiten zu klein. Im Jahre 2012, nach guten und vom Wachstum gepr\u00e4gten 5 Jahren, ergab sich die Gelegenheit, ein neues und deutlich gr\u00f6sseres Ladenlokal, Am Ardey 3 in Essen Rellinghausen, zu beziehen. Ebenso habe ich eine zus\u00e4tzliche Lagerfl\u00e4che angemietet, um dem stetigen Anstieg gerecht zu werden. Das Sortiment ist von ca. 500 Artikeln zu Beginn, auf 1500 Artikel gewachsen. Mein Portfolio umfasst Wein, Champagner \/ diverse Schaumweine, Spirituosen, ausgesuchte Feinkost und Weinzubeh\u00f6r.<\/p>\n<p>Mein umfangreicher Onlineshop war von Beginn an ein wichtiges Standbein. Hier pr\u00e4sentiere ich einen Grossteil meines Sortimentes. Ich bin stets bem\u00fcht, Ihnen hier meine pers\u00f6nlichen Einsch\u00e4tzungen zu den Weing\u00fctern sowie Weinen mitzuteilen. Dennoch lege ich auch auf die Internationale Fachpresse viel Wert und lote so immer die bestm\u00f6glichen Preis\/ Genussverh\u00e4ltnisse meiner Produkte f\u00fcr Sie aus.<\/p>\n<p>Als Partner der Gastronomie, haben wir uns einen treuen Kundenstamm aufgebaut, der Wert auf unsere Kompetenz und Zuverl\u00e4ssigkeit legt.<\/p>\n<p>Schenken auch Sie mir Ihr Vertrauen und besuchen mich in meinem Ladenlokal, denn das pers\u00f6nliche Beratungsgespr\u00e4ch ist durch nichts zu ersetzen.<\/p>\n<p>Herzlichst<\/p>\n<p>ihr Christian Balog<\/p>\n<p><a href=\"https:\/\/dein-werk.com\/guter-wein-und-viel-lebensfreude\">Mehr \u00fcber Christian Balog <\/a><\/p>\n<div id=\"attachment_87\" style=\"width: 850px\" class=\"wp-caption alignnone\"><img loading=\"lazy\" decoding=\"async\" aria-describedby=\"caption-attachment-87\" class=\"size-large wp-image-87\" src=\"https:\/\/www.cb-weinhandel.de\/blog\/wp-content\/uploads\/2017\/07\/CB-Weinhandel_pre-007-1024x683.jpg\" alt=\"\" width=\"840\" height=\"560\" srcset=\"https:\/\/www.cb-weinhandel.de\/blog\/wp-content\/uploads\/2017\/07\/CB-Weinhandel_pre-007-1024x683.jpg 1024w, https:\/\/www.cb-weinhandel.de\/blog\/wp-content\/uploads\/2017\/07\/CB-Weinhandel_pre-007-300x200.jpg 300w, https:\/\/www.cb-weinhandel.de\/blog\/wp-content\/uploads\/2017\/07\/CB-Weinhandel_pre-007-768x512.jpg 768w, https:\/\/www.cb-weinhandel.de\/blog\/wp-content\/uploads\/2017\/07\/CB-Weinhandel_pre-007.jpg 1200w\" sizes=\"auto, (max-width: 840px) 100vw, 840px\" \/><p id=\"caption-attachment-87\" class=\"wp-caption-text\">Das CB Weinhandel Ladenlokal Am Ardey 3 in Essen bietet seinen Kunden eine enspannte und professionelle M\u00f6glichkeit Weine zu verkosten.<\/p><\/div>\n<p>\u00a0<\/p>\n<p>[\/et_pb_text][\/et_pb_column][\/et_pb_row][\/et_pb_section]<\/p>\n","protected":false},"excerpt":{"rendered":"<p>\u00dcber michLiebe Weinfreunde,gerne stelle ich mich Ihnen kurz vor:Ich bin Christian Balog, ein geborener Essener, der die Passion zum Wein \u00fcber den klassischen Lebensmitteleinzelhandel gefunden hat. Nach meiner Ausbildung zum Kaufmann im Einzelhandel, besuchte ich viele Seminare, Lehrg\u00e4nge, Fachmessen, Winzer und Weinbaugebiete. Das Thema Wein war nach meiner Lehrzeit dann der Mittelpunkt meines beruflichen Lebens. [&hellip;]<\/p>\n","protected":false},"author":1,"featured_media":0,"parent":0,"menu_order":0,"comment_status":"closed","ping_status":"closed","template":"","meta":{"_et_pb_use_builder":"on","_et_pb_old_content":"[caption id=\"attachment_64\" align=\"alignleft\" width=\"600\"]<img class=\"size-full wp-image-64\" src=\"https:\/\/www.cb-weinhandel.de\/blog\/wp-content\/uploads\/2017\/07\/C-Balog-t-7237.jpg\" alt=\"Christian Balog\" width=\"600\" height=\"400\" \/> Christian Balog im CB Weinhandel in Essen[\/caption]<p>Liebe Weinfreunde,<\/p><p>gerne stelle ich mich Ihnen kurz vor:<\/p><p>Ich bin Christian Balog, ein geborener Essener, der die Passion zum Wein \u00fcber den klassischen Lebensmitteleinzelhandel gefunden hat. Nach meiner Ausbildung zum Kaufmann im Einzelhandel, besuchte ich viele Seminare, Lehrg\u00e4nge, Fachmessen, Winzer und Weinbaugebiete. Das Thema Wein war nach meiner Lehrzeit dann der Mittelpunkt meines beruflichen Lebens. Bis ich dann den Beruf zur Berufung machte, um schliesslich im Oktober 2007 den Schritt in die Selbst\u00e4ndigkeit zu wagen.<\/p><p>Mein erstes Ladenlokal auf der Frankenstrasse in Essen war etwa 100 Quadratmeter gross, inklusive der Lagerr\u00e4ume im Keller. Die ersten Jahre waren direkt erfolgreich und schnell wurden die R\u00e4umlichkeiten zu klein. Im Jahre 2012, nach guten und vom Wachstum gepr\u00e4gten 5 Jahren, ergab sich die Gelegenheit, ein neues und deutlich gr\u00f6sseres Ladenlokal, Am Ardey 3 in Essen Rellinghausen, zu beziehen. Ebenso habe ich eine zus\u00e4tzliche Lagerfl\u00e4che angemietet, um dem stetigen Anstieg gerecht zu werden. Das Sortiment ist von ca. 500 Artikeln zu Beginn, auf 1500 Artikel gewachsen. Mein Portfolio umfasst Wein, Champagner \/ diverse Schaumweine, Spirituosen, ausgesuchte Feinkost und Weinzubeh\u00f6r.<\/p><p>Mein umfangreicher Onlineshop war von Beginn an ein wichtiges Standbein. Hier pr\u00e4sentiere ich einen Grossteil meines Sortimentes. Ich bin stets bem\u00fcht, Ihnen hier meine pers\u00f6nlichen Einsch\u00e4tzungen zu den Weing\u00fctern sowie Weinen mitzuteilen. Dennoch lege ich auch auf die Internationale Fachpresse viel Wert und lote so immer die bestm\u00f6glichen Preis\/ Genussverh\u00e4ltnisse meiner Produkte f\u00fcr Sie aus.<\/p><p>Als Partner der Gastronomie, haben wir uns einen treuen Kundenstamm aufgebaut, der Wert auf unsere Kompetenz und Zuverl\u00e4ssigkeit legt.<\/p><p>Schenken auch Sie mir Ihr Vertrauen und besuchen mich in meinem Ladenlokal, denn das pers\u00f6nliche Beratungsgespr\u00e4ch ist durch nichts zu ersetzen.<\/p><p>Herzlichst<\/p><p>ihr Christian Balog<\/p><p><a href=\"http:\/\/www.dein-werk.com\/guter-wein-und-viel-lebensfreude\">Mehr \u00fcber Christian Balog <\/a><\/p>[caption id=\"attachment_87\" align=\"alignnone\" width=\"840\"]<img class=\"size-large wp-image-87\" src=\"https:\/\/www.cb-weinhandel.de\/blog\/wp-content\/uploads\/2017\/07\/CB-Weinhandel_pre-007-1024x683.jpg\" alt=\"\" width=\"840\" height=\"560\" \/> Das CB Weinhandel Ladenlokal Am Ardey 3 in Essen bietet seinen Kunden eine enspannte und professionelle M\u00f6glichkeit Weine zu verkosten.[\/caption]<p>\u00a0<\/p>","_et_gb_content_width":"","footnotes":""},"class_list":["post-8","page","type-page","status-publish","hentry"],"yoast_head":"<!-- This site is optimized with the Yoast SEO plugin v27.5 - https:\/\/yoast.com\/product\/yoast-seo-wordpress\/ -->\n<title>Mehr \u00fcber Christian Balog - CB-Weinblog<\/title>\n<meta name=\"description\" content=\"Ich bin Christian Balog, ein geborener Essener, der die Passion zum Wein \u00fcber den klassischen Lebensmitteleinzelhandel gefunden hat.\" \/>\n<meta name=\"robots\" content=\"index, follow, max-snippet:-1, max-image-preview:large, max-video-preview:-1\" \/>\n<link rel=\"canonical\" href=\"https:\/\/www.cb-weinhandel.de\/blog\/erfahren-sie-mehr-ueber-christian-balog\/\" \/>\n<meta property=\"og:locale\" content=\"de_DE\" \/>\n<meta property=\"og:type\" content=\"article\" \/>\n<meta property=\"og:title\" content=\"Mehr \u00fcber Christian Balog - CB-Weinblog\" \/>\n<meta property=\"og:description\" content=\"Ich bin Christian Balog, ein geborener Essener, der die Passion zum Wein \u00fcber den klassischen Lebensmitteleinzelhandel gefunden hat.\" \/>\n<meta property=\"og:url\" content=\"https:\/\/www.cb-weinhandel.de\/blog\/erfahren-sie-mehr-ueber-christian-balog\/\" \/>\n<meta property=\"og:site_name\" content=\"CB-Weinblog\" \/>\n<meta property=\"article:publisher\" content=\"https:\/\/www.facebook.com\/cbweinhandel.de\" \/>\n<meta property=\"article:modified_time\" content=\"2021-02-24T17:35:34+00:00\" \/>\n<meta property=\"og:image\" content=\"https:\/\/www.cb-weinhandel.de\/blog\/wp-content\/uploads\/2017\/07\/C-Balog-t-7237.jpg\" \/>\n<meta name=\"twitter:card\" content=\"summary_large_image\" \/>\n<meta name=\"twitter:label1\" content=\"Gesch\u00e4tzte Lesezeit\" \/>\n\t<meta name=\"twitter:data1\" content=\"2\u00a0Minuten\" \/>\n<script type=\"application\/ld+json\" class=\"yoast-schema-graph\">{\"@context\":\"https:\\\/\\\/schema.org\",\"@graph\":[{\"@type\":\"WebPage\",\"@id\":\"https:\\\/\\\/www.cb-weinhandel.de\\\/blog\\\/erfahren-sie-mehr-ueber-christian-balog\\\/\",\"url\":\"https:\\\/\\\/www.cb-weinhandel.de\\\/blog\\\/erfahren-sie-mehr-ueber-christian-balog\\\/\",\"name\":\"Mehr \u00fcber Christian Balog - CB-Weinblog\",\"isPartOf\":{\"@id\":\"https:\\\/\\\/www.cb-weinhandel.de\\\/blog\\\/#website\"},\"primaryImageOfPage\":{\"@id\":\"https:\\\/\\\/www.cb-weinhandel.de\\\/blog\\\/erfahren-sie-mehr-ueber-christian-balog\\\/#primaryimage\"},\"image\":{\"@id\":\"https:\\\/\\\/www.cb-weinhandel.de\\\/blog\\\/erfahren-sie-mehr-ueber-christian-balog\\\/#primaryimage\"},\"thumbnailUrl\":\"https:\\\/\\\/www.cb-weinhandel.de\\\/blog\\\/wp-content\\\/uploads\\\/2017\\\/07\\\/C-Balog-t-7237.jpg\",\"datePublished\":\"2017-07-11T17:02:21+00:00\",\"dateModified\":\"2021-02-24T17:35:34+00:00\",\"description\":\"Ich bin Christian Balog, ein geborener Essener, der die Passion zum Wein \u00fcber den klassischen Lebensmitteleinzelhandel gefunden hat.\",\"breadcrumb\":{\"@id\":\"https:\\\/\\\/www.cb-weinhandel.de\\\/blog\\\/erfahren-sie-mehr-ueber-christian-balog\\\/#breadcrumb\"},\"inLanguage\":\"de\",\"potentialAction\":[{\"@type\":\"ReadAction\",\"target\":[\"https:\\\/\\\/www.cb-weinhandel.de\\\/blog\\\/erfahren-sie-mehr-ueber-christian-balog\\\/\"]}]},{\"@type\":\"ImageObject\",\"inLanguage\":\"de\",\"@id\":\"https:\\\/\\\/www.cb-weinhandel.de\\\/blog\\\/erfahren-sie-mehr-ueber-christian-balog\\\/#primaryimage\",\"url\":\"https:\\\/\\\/www.cb-weinhandel.de\\\/blog\\\/wp-content\\\/uploads\\\/2017\\\/07\\\/C-Balog-t-7237.jpg\",\"contentUrl\":\"https:\\\/\\\/www.cb-weinhandel.de\\\/blog\\\/wp-content\\\/uploads\\\/2017\\\/07\\\/C-Balog-t-7237.jpg\",\"width\":600,\"height\":400,\"caption\":\"Christian Balog im CB Weinhandel in Essen\"},{\"@type\":\"BreadcrumbList\",\"@id\":\"https:\\\/\\\/www.cb-weinhandel.de\\\/blog\\\/erfahren-sie-mehr-ueber-christian-balog\\\/#breadcrumb\",\"itemListElement\":[{\"@type\":\"ListItem\",\"position\":1,\"name\":\"Startseite\",\"item\":\"https:\\\/\\\/www.cb-weinhandel.de\\\/blog\\\/\"},{\"@type\":\"ListItem\",\"position\":2,\"name\":\"Mehr \u00fcber Christian Balog\"}]},{\"@type\":\"WebSite\",\"@id\":\"https:\\\/\\\/www.cb-weinhandel.de\\\/blog\\\/#website\",\"url\":\"https:\\\/\\\/www.cb-weinhandel.de\\\/blog\\\/\",\"name\":\"CB-Weinblog\",\"description\":\"Alles \u00fcber Wein\",\"publisher\":{\"@id\":\"https:\\\/\\\/www.cb-weinhandel.de\\\/blog\\\/#organization\"},\"potentialAction\":[{\"@type\":\"SearchAction\",\"target\":{\"@type\":\"EntryPoint\",\"urlTemplate\":\"https:\\\/\\\/www.cb-weinhandel.de\\\/blog\\\/?s={search_term_string}\"},\"query-input\":{\"@type\":\"PropertyValueSpecification\",\"valueRequired\":true,\"valueName\":\"search_term_string\"}}],\"inLanguage\":\"de\"},{\"@type\":\"Organization\",\"@id\":\"https:\\\/\\\/www.cb-weinhandel.de\\\/blog\\\/#organization\",\"name\":\"CB Weinhandel\",\"url\":\"https:\\\/\\\/www.cb-weinhandel.de\\\/blog\\\/\",\"logo\":{\"@type\":\"ImageObject\",\"inLanguage\":\"de\",\"@id\":\"https:\\\/\\\/www.cb-weinhandel.de\\\/blog\\\/#\\\/schema\\\/logo\\\/image\\\/\",\"url\":\"https:\\\/\\\/www.cb-weinhandel.de\\\/blog\\\/wp-content\\\/uploads\\\/2023\\\/04\\\/CB-Logo.jpg\",\"contentUrl\":\"https:\\\/\\\/www.cb-weinhandel.de\\\/blog\\\/wp-content\\\/uploads\\\/2023\\\/04\\\/CB-Logo.jpg\",\"width\":144,\"height\":163,\"caption\":\"CB Weinhandel\"},\"image\":{\"@id\":\"https:\\\/\\\/www.cb-weinhandel.de\\\/blog\\\/#\\\/schema\\\/logo\\\/image\\\/\"},\"sameAs\":[\"https:\\\/\\\/www.facebook.com\\\/cbweinhandel.de\"]}]}<\/script>\n<!-- \/ Yoast SEO plugin. -->","yoast_head_json":{"title":"Mehr \u00fcber Christian Balog - CB-Weinblog","description":"Ich bin Christian Balog, ein geborener Essener, der die Passion zum Wein \u00fcber den klassischen Lebensmitteleinzelhandel gefunden hat.","robots":{"index":"index","follow":"follow","max-snippet":"max-snippet:-1","max-image-preview":"max-image-preview:large","max-video-preview":"max-video-preview:-1"},"canonical":"https:\/\/www.cb-weinhandel.de\/blog\/erfahren-sie-mehr-ueber-christian-balog\/","og_locale":"de_DE","og_type":"article","og_title":"Mehr \u00fcber Christian Balog - CB-Weinblog","og_description":"Ich bin Christian Balog, ein geborener Essener, der die Passion zum Wein \u00fcber den klassischen Lebensmitteleinzelhandel gefunden hat.","og_url":"https:\/\/www.cb-weinhandel.de\/blog\/erfahren-sie-mehr-ueber-christian-balog\/","og_site_name":"CB-Weinblog","article_publisher":"https:\/\/www.facebook.com\/cbweinhandel.de","article_modified_time":"2021-02-24T17:35:34+00:00","og_image":[{"url":"https:\/\/www.cb-weinhandel.de\/blog\/wp-content\/uploads\/2017\/07\/C-Balog-t-7237.jpg","type":"","width":"","height":""}],"twitter_card":"summary_large_image","twitter_misc":{"Gesch\u00e4tzte Lesezeit":"2\u00a0Minuten"},"schema":{"@context":"https:\/\/schema.org","@graph":[{"@type":"WebPage","@id":"https:\/\/www.cb-weinhandel.de\/blog\/erfahren-sie-mehr-ueber-christian-balog\/","url":"https:\/\/www.cb-weinhandel.de\/blog\/erfahren-sie-mehr-ueber-christian-balog\/","name":"Mehr \u00fcber Christian Balog - CB-Weinblog","isPartOf":{"@id":"https:\/\/www.cb-weinhandel.de\/blog\/#website"},"primaryImageOfPage":{"@id":"https:\/\/www.cb-weinhandel.de\/blog\/erfahren-sie-mehr-ueber-christian-balog\/#primaryimage"},"image":{"@id":"https:\/\/www.cb-weinhandel.de\/blog\/erfahren-sie-mehr-ueber-christian-balog\/#primaryimage"},"thumbnailUrl":"https:\/\/www.cb-weinhandel.de\/blog\/wp-content\/uploads\/2017\/07\/C-Balog-t-7237.jpg","datePublished":"2017-07-11T17:02:21+00:00","dateModified":"2021-02-24T17:35:34+00:00","description":"Ich bin Christian Balog, ein geborener Essener, der die Passion zum Wein \u00fcber den klassischen Lebensmitteleinzelhandel gefunden hat.","breadcrumb":{"@id":"https:\/\/www.cb-weinhandel.de\/blog\/erfahren-sie-mehr-ueber-christian-balog\/#breadcrumb"},"inLanguage":"de","potentialAction":[{"@type":"ReadAction","target":["https:\/\/www.cb-weinhandel.de\/blog\/erfahren-sie-mehr-ueber-christian-balog\/"]}]},{"@type":"ImageObject","inLanguage":"de","@id":"https:\/\/www.cb-weinhandel.de\/blog\/erfahren-sie-mehr-ueber-christian-balog\/#primaryimage","url":"https:\/\/www.cb-weinhandel.de\/blog\/wp-content\/uploads\/2017\/07\/C-Balog-t-7237.jpg","contentUrl":"https:\/\/www.cb-weinhandel.de\/blog\/wp-content\/uploads\/2017\/07\/C-Balog-t-7237.jpg","width":600,"height":400,"caption":"Christian Balog im CB Weinhandel in Essen"},{"@type":"BreadcrumbList","@id":"https:\/\/www.cb-weinhandel.de\/blog\/erfahren-sie-mehr-ueber-christian-balog\/#breadcrumb","itemListElement":[{"@type":"ListItem","position":1,"name":"Startseite","item":"https:\/\/www.cb-weinhandel.de\/blog\/"},{"@type":"ListItem","position":2,"name":"Mehr \u00fcber Christian Balog"}]},{"@type":"WebSite","@id":"https:\/\/www.cb-weinhandel.de\/blog\/#website","url":"https:\/\/www.cb-weinhandel.de\/blog\/","name":"CB-Weinblog","description":"Alles \u00fcber Wein","publisher":{"@id":"https:\/\/www.cb-weinhandel.de\/blog\/#organization"},"potentialAction":[{"@type":"SearchAction","target":{"@type":"EntryPoint","urlTemplate":"https:\/\/www.cb-weinhandel.de\/blog\/?s={search_term_string}"},"query-input":{"@type":"PropertyValueSpecification","valueRequired":true,"valueName":"search_term_string"}}],"inLanguage":"de"},{"@type":"Organization","@id":"https:\/\/www.cb-weinhandel.de\/blog\/#organization","name":"CB Weinhandel","url":"https:\/\/www.cb-weinhandel.de\/blog\/","logo":{"@type":"ImageObject","inLanguage":"de","@id":"https:\/\/www.cb-weinhandel.de\/blog\/#\/schema\/logo\/image\/","url":"https:\/\/www.cb-weinhandel.de\/blog\/wp-content\/uploads\/2023\/04\/CB-Logo.jpg","contentUrl":"https:\/\/www.cb-weinhandel.de\/blog\/wp-content\/uploads\/2023\/04\/CB-Logo.jpg","width":144,"height":163,"caption":"CB Weinhandel"},"image":{"@id":"https:\/\/www.cb-weinhandel.de\/blog\/#\/schema\/logo\/image\/"},"sameAs":["https:\/\/www.facebook.com\/cbweinhandel.de"]}]}},"_links":{"self":[{"href":"https:\/\/www.cb-weinhandel.de\/blog\/wp-json\/wp\/v2\/pages\/8","targetHints":{"allow":["GET"]}}],"collection":[{"href":"https:\/\/www.cb-weinhandel.de\/blog\/wp-json\/wp\/v2\/pages"}],"about":[{"href":"https:\/\/www.cb-weinhandel.de\/blog\/wp-json\/wp\/v2\/types\/page"}],"author":[{"embeddable":true,"href":"https:\/\/www.cb-weinhandel.de\/blog\/wp-json\/wp\/v2\/users\/1"}],"replies":[{"embeddable":true,"href":"https:\/\/www.cb-weinhandel.de\/blog\/wp-json\/wp\/v2\/comments?post=8"}],"version-history":[{"count":0,"href":"https:\/\/www.cb-weinhandel.de\/blog\/wp-json\/wp\/v2\/pages\/8\/revisions"}],"wp:attachment":[{"href":"https:\/\/www.cb-weinhandel.de\/blog\/wp-json\/wp\/v2\/media?parent=8"}],"curies":[{"name":"wp","href":"https:\/\/api.w.org\/{rel}","templated":true}]}}